o(s) + 2*p(s). Determine u(-5).
0
Let s(m) = m**3 + 5*m**2 - m - 4. Let o(n) = 3*n**3 + 10*n**2 - n - 8. Let d(l) = 2*o(l) - 5*s(l). Let q = 31 - 23. Suppose q*w - 9*w + 3 = 0. What is d(w)?
-5
Let b(s) = 31*s - 61 + 35*s - 70*s. Calculate b(-13).
-9
Let a(g) = -25*g**2 - 7*g - 10. Let n(y) = 8*y**2 + 2*y + 3. Let m(c) = -6*a(c) - 19*n(c). Determine m(-1).
-3
Let p(k) = k**2 - 2*k - 5. Let l be p(4). Let v(f) = f**2 + 3*f - 7. Let j(m) = -m**2 - 3*m + m - 10 + 0*m**2 + 16. Let w(h) = 4*j(h) + 3*v(h). What is w(l)?
-3
Let f(j) be the third derivative of j**7/1680 + j**6/240 - 3*j**5/10 - 27*j**2. Let k(s) be the third derivative of f(s). Give k(-2).
-3
Let m(a) = -4*a**2 - 757*a + 5 - 753*a + 2*a**2 + 1513*a. Determine m(4).
-15
Let p(k) = -k**2 + 13*k - 35. Let g be p(6). Let x(h) = -h**2 + 10*h - 8. What is x(g)?
13
Let y(x) = 6*x**2 + 3 + 195*x - 391*x - 5 + x**3 + 191*x. Give y(-7).
-16
Let k(l) = -l**2 + l - 2. Let w be k(0). Let a(n) = -n**2 + n + 6. Let y(m) = 6*m**2 - 7*m - 33. Let b(j) = -5*a(j) - y(j). Calculate b(w).
-5
Let f(d) be the first derivative of -d**4/12 - 5*d**3/6 + 3*d**2/2 + 8*d + 5. Let o(s) be the first derivative of f(s). Determine o(-5).
3
Let u(l) = -2*l + 4*l - 3*l. Suppose -31*w = -32*w + 2. Calculate u(w).
-2
Let r(f) = 2*f - 6. Let o(h) be the second derivative of -h**4/12 + 4*h**3/3 - 4*h**2 + 6*h. Let s be o(5). Calculate r(s).
8
Let p(f) = f**3 + 5*f**2 + f. Let v = -20 + 15. Let o be p(v). Let l(t) = t + 4. Let y(r) = -3*r - 12. Let a(k) = 7*l(k) + 2*y(k). What is a(o)?
-1
Suppose 626 = -5*q - 3*l, -4*q + 5*l - 490 = 2*l. Let o = -117 - q. Let u(g) = -g - 4. Calculate u(o).
-11
Let u be 18/22 - ((-6)/11)/3. Suppose -3*i - u = 17. Let k(c) = c + 2. What is k(i)?
-4
Let m be (-14)/(-4) + 1/2. Let l(z) = -2 + 0 - z + m*z. Suppose 4*v + 12 = 0, 92*v = q + 88*v - 10. What is l(q)?
-8
Let r(c) = -c**2 + 13*c + 16. Let d be r(11). Let j = d + -33. Let o(h) = -h**3 + 6*h**2 - 6*h + 4. Calculate o(j).
-1
Let d be -30*(-3)/12*-2. Let r(z) = -z - 23. Give r(d).
-8
Let j(h) be the third derivative of h**7/1680 - h**6/360 + h**5/60 + 11*h**4/8 - 45*h**2. Let p(b) be the third derivative of j(b). Calculate p(-6).
-20
Let w(t) = 2*t + 16 - 53 + 42. Calculate w(6).
17
Suppose 66*h + 47 = 2*h + 239. Let w(t) be the first derivative of -t**2/2 - 4*t + 2. Determine w(h).
-7
Let v(i) = -4*i + 4*i + 8 + 3*i + 10. Let k(r) = -r - 1. Let a(q) = 6*k(q) + v(q). Let b be a(6). Let g(h) = h**2 + 7*h + 1. What is g(b)?
-5
Let g(z) = -2036*z**3 + 12 + 13*z - 3 + 2035*z**3 - 11*z**2 + 3. Determine g(-12).
0
Let g(n) = n**3 - 9*n**2 + 7*n + 10. Suppose -3*y + 11 = -2*f, 4 = 2*y - 6. Suppose 3*z = 0, -24 = -3*d - 3*z + f*z. Determine g(d).
2
Let l(a) = 8*a**3 + 2*a**2 - 2*a + 1. Let z(s) = -s**2 + 5*s + 9. Let j be z(5). Let q = j - 8. Calculate l(q).
9
Suppose -45*i + 3 = -132. Let s(a) = a**2 + 6*a - 5. Determine s(i).
22
Let l(k) = -2 + 7 + 2*k - 3*k. Let g be (-483)/(-56) + (-78)/(-208). What is l(g)?
-4
Let d(g) = -g**2 + 2*g - 4. Let b be d(-4). Let p = b - -34. Let t(h) be the third derivative of -h**4/24 + 2*h**3 - h**2. Determine t(p).
6
Let c(h) = -3*h + 23. Let x(q) = q**3 + 4*q**2 - 40*q - 129. Let a be x(-7). Calculate c(a).
11
Let y(c) = -2 + 12*c**2 - 2*c**2 + 1. Suppose -2*p + 5 = 9*n - 10*n, 3*n - 4*p + 9 = 0. Give y(n).
9
Suppose 6*u - 6 = 5*u. Let j(n) = -5 - n + u + 0*n + 0*n. Let x be (-5 - 0) + 1 + -2. Give j(x).
7
Let h(p) be the second derivative of p**5/10 - p**4/3 - p**2/2 - 158*p. Calculate h(3).
17
Suppose 11*o = 50 - 6. Let h(w) = -w**2 + 5*w - 5. What is h(o)?
-1
Let y be (1/2)/(2/8). Let l(m) = 3 - y*m - 7 + m. Suppose -300 = -62*k - 114. Give l(k).
-7
Let h(o) = 2*o - 6. Let l = 19 - 16. Let m be l/5*10/2. Let p be (-2 + 3)*m - -2. What is h(p)?
4
Let g(f) = f + 2. Let b(h) = h - 10. Let o(q) = b(q) - 2*g(q). Calculate o(-10).
-4
Let u(w) = -w**3 + 1678*w + 2*w**3 - 9*w**2 - 1667*w - 15. Calculate u(8).
9
Let s(p) = 2*p - 2. Let o = 29 + -29. Suppose 0 = 2*h - o*h + 8. Determine s(h).
-10
Let r(p) = p - 4. Let s(v) = -16*v + 2. Let b be s(3). Let y be b/(-8) + (-2)/(-8). Calculate r(y).
2
Let r(q) = 8*q - 11. Let b(z) = 2*z - 3. Let a(c) = -9*b(c) + 2*r(c). Let v = 73 - 68. Give a(v).
-5
Let l(t) = 7*t**2 + 27*t - 2. Let a be l(-4). Let j(o) = a*o**2 + 7*o + 2*o**2 - 16*o + 6*o. What is j(2)?
10
Let d = -70 - -141/2. Let l(b) be the first derivative of -b**4 + d*b**2 - 4 + 0*b**3 + 0*b. Determine l(-1).
3
Let l(w) = -34 + 13 + 12 - w**2 - w + 7 - 7*w. Calculate l(-9).
-11
Suppose -r - 6 = -1, -4*f - 3*r + 21 = 0. Let v(b) = 26 - 8 - f + 3*b. Give v(-7).
-12
Let h(k) = -k**2 - 4*k. Let v = -39 + 21. Suppose -4*x - a + 61 = -0*a, -2*x - a = -33. Let s = x + v. What is h(s)?
0
Let l(d) = d**2 + 19*d + 26. Let x(y) = 6*y**2 + 167*y + 117. Let a be x(-27). Determine l(a).
8
Let a(v) = -v**2 - 12*v - 24. Let s = -740 + 731. Determine a(s).
3
Let w(a) = 24*a. Let c = 332 - 333. Calculate w(c).
-24
Let g(z) = -6*z + 4 + 32*z - 14*z - 6*z - 5*z. Calculate g(8).
12
Let i(s) = -3*s**3 + 3*s**3 - 305*s + 6*s**2 + s**3 + 297*s - 8. What is i(-7)?
-1
Let c(y) = 3 + y**2 + 0 + 2 + 6*y. Let u(b) = -b**3 - 3*b**2 + b + 1. Let t = 78 - 80. Let g be u(t). Calculate c(g).
0
Let z(l) = l**3 - 5*l**2 + 3*l - 1. Let h(a) = 6*a + 3. Let p be h(0). Calculate z(p).
-10
Let x(c) be the first derivative of -3*c**2/2 + 4*c - 54. What is x(0)?
4
Let h(q) be the second derivative of -5*q - 3/2*q**2 - 7/6*q**3 - 2/3*q**4 + 0 - 1/20*q**5. What is h(-7)?
-3
Let g be 4/(-3)*(-165)/(-10). Let s = 27 + g. Let o(l) = l**2 - 2*l - 6. What is o(s)?
9
Let s(x) be the second derivative of 3/2*x**2 - 13*x - 1/24*x**4 + 0 - 4/3*x**3. Let k(n) be the first derivative of s(n). What is k(-6)?
-2
Let a(s) = -6 - 21*s**2 + 5 + 10*s**2 + 10*s**2 + 2*s. Calculate a(1).
0
Let u = 0 - 0. Let d(a) be the second derivative of 0 - 1/6*a**3 - 30*a + 1/12*a**4 - 3/2*a**2. Determine d(u).
-3
Let d(j) = 3*j**2 + 2*j - 5. Let i(g) = -g**2 + g. Let r(p) = d(p) + 2*i(p). What is r(-6)?
7
Let x be ((-10)/(-45) - (-60)/(-27))*-3. Suppose -4*p + 5*o - 16 = -p, -2*o - x = 5*p. Let s(a) = 8*a + 3. What is s(p)?
-13
Let u(t) = 5*t**3 + 19*t**2 - 29*t - 19. Let g(l) = 3*l**3 + 9*l**2 - 15*l - 9. Let r(a) = -7*g(a) + 4*u(a). Determine r(12).
-1
Let t(q) = 7*q**2 - 2*q - 8. Let k(p) = 12*p**2 - 2*p - 16. Let j(s) = 4*k(s) - 7*t(s). Give j(4).
0
Let c(l) = -8*l. Let n be c(-1). Suppose 3 = -s + n. Suppose -i + 14 = 5*x - 3, -s*i = 4*x - 43. Let j(u) = -u**3 + 7*u**2 + 2*u - 6. Calculate j(i).
8
Let m = -26 - -37. Let t(y) = 18 + m*y + 19 + 13 - 51. Calculate t(1).
10
Let z = -188 + 191. Let s(v) be the first derivative of -5 + v + 0*v**2 - 1/3*v**z. Give s(-2).
-3
Let k(s) = 5*s - 3. Suppose -2*a - 4*z = a - 16, 0 = -2*a - z + 9. Suppose a*c - 5*h = -3 + 1, 2*c - 14 = -5*h. Determine k(c).
7
Let v(j) = 6*j. Let q(r) = -r**2 + 7*r + 8. Let i be q(8). Suppose 10*u - 16 - 14 = 0. Suppose -4*x = 3*o + 10, 3*x - 3*o + i - u = 0. What is v(x)?
-6
Let x(k) = -8*k**2 - 120*k + 7. Let g be x(-15). Let v(s) = -7*s + 5. What is v(g)?
-44
Let w(j) be the third derivative of j**6/720 + j**5/40 - 7*j**4/24 - 5*j**2. Let b(t) be the second derivative of w(t). What is b(7)?
10
Let p = 0 + 6. Let m(j) = -j**2 - 2*j - 43. Let q(b) = -b**2 + b - 18. Let l(u) = -m(u) + 2*q(u). Determine l(p).
-5
Let i(p) be the second derivative of 0 - 3/2*p**2 - 1/3*p**3 - 16*p. What is i(-2)?
1
Let c(b) = -b**2 - 10*b + 8. Let g be c(-12). Let p = g - -18. Let s(o) = -2*o**2 + 3*o. What is s(p)?
-2
Let f = -10 - -23. Suppose -2*c = -n - 4*n - 25, 4*n + 5*c = f. Let b(z) be the second derivative of -z**3/6 - z**2/2 - 4*z. Give b(n).
2
Let u be (0/7)/(1 + (3 - 0)). Suppose 3*j - 6 = -0. Let t(d) = -3 - d**3 + u*d**3 - j*d**2 - 3*d**2 + 0*d**2 - 2*d. Calculate t(-4).
-11
Let k(g) = 10*g**2 - 10*g - 17. Let j(v) = 17*v**2 - 18*v - 34. Let u(w) = -3*j(w) + 5*k(w). What is u(7)?
-4
Let m(o) = -o**3 + 5*o**2 - o + 4. Suppose -4 + 0 = -h. Suppose 0*j - h*j + 27 = -s, -4*j = 5*s - 33. Suppose 4*r - 13 - j = 0. Determine m(r).
-1
Let h(n) = n**3 + 3*n**2 - 2*n - 1. Suppose -3*o + 9 = -2*o. Suppose 3*i = o*i + 18. What is h(i)?
5
Let v(d) = -d**2 - d - 5. Let n be 52/(-10)*(5 - 0). Let q = n - -26. Let b be v(q). Let f(